{"id":46,"date":"2019-05-13T23:32:40","date_gmt":"2019-05-13T21:32:40","guid":{"rendered":"http:\/\/site-pyrome.fr\/?page_id=46"},"modified":"2019-06-18T18:28:06","modified_gmt":"2019-06-18T16:28:06","slug":"le-moulin","status":"publish","type":"page","link":"https:\/\/site-pyrome.fr\/?page_id=46","title":{"rendered":"Le moulin"},"content":{"rendered":"\n<p>Le moulin a \u00e9t\u00e9 \u00e9rig\u00e9 en 1796  comme nous pouvons le voir sur la pierre au dessus de la porte. On pense qu&rsquo;il aurait pu \u00eatre construit pour remplacer un moulin<span style=\"font-size:0.em;font-variant-position: super\">(1)<\/span> proche de Moulins sur les terres de la Verdeli\u00e8re peut-\u00eatre d\u00e9truit pendant les guerres de Vend\u00e9e. A suivre&#8230;<\/p>\n\n\n\n<p style=\"font-size:0.9em\"><span style=\"font-variant-position: super\">(1)<\/span>La pr\u00e9sence de ce moulin est signal\u00e9 sur les cartes de Cassini (XVIIIe) et sur les plans du cadastre de 1955, il existe un champ du moulin proche du Sacr\u00e9-Coeur actuel (Arch. Dep. 79-Cadastre-MOULINS-Section dite du Puy-Albert-1955)<\/p>\n","protected":false},"excerpt":{"rendered":"<p>Le moulin a \u00e9t\u00e9 \u00e9rig\u00e9 en 1796 comme nous pouvons le voir sur la pierre au dessus de la porte. On pense qu&rsquo;il aurait pu \u00eatre construit pour remplacer un moulin(1) proche de Moulins sur les terres de la Verdeli\u00e8re peut-\u00eatre d\u00e9truit pendant les guerres de Vend\u00e9e. A suivre&#8230; (1)La pr\u00e9sence de ce moulin est signal\u00e9 sur les cartes de Cassini (XVIIIe) et sur les plans du cadastre de 1955, il existe un champ du moulin proche du Sacr\u00e9-Coeur actuel&#8230;<\/p>\n<p class=\"read-more\"><a class=\"btn btn-default\" href=\"https:\/\/site-pyrome.fr\/?page_id=46\">Lire la suite<span class=\"screen-reader-text\"> Lire la suite<\/span><\/a><\/p>\n","protected":false},"author":1,"featured_media":0,"parent":0,"menu_order":0,"comment_status":"closed","ping_status":"closed","template":"","meta":{"ngg_post_thumbnail":0},"_links":{"self":[{"href":"https:\/\/site-pyrome.fr\/index.php?rest_route=\/wp\/v2\/pages\/46"}],"collection":[{"href":"https:\/\/site-pyrome.fr\/index.php?rest_route=\/wp\/v2\/pages"}],"about":[{"href":"https:\/\/site-pyrome.fr\/index.php?rest_route=\/wp\/v2\/types\/page"}],"author":[{"embeddable":true,"href":"https:\/\/site-pyrome.fr\/index.php?rest_route=\/wp\/v2\/users\/1"}],"replies":[{"embeddable":true,"href":"https:\/\/site-pyrome.fr\/index.php?rest_route=%2Fwp%2Fv2%2Fcomments&post=46"}],"version-history":[{"count":7,"href":"https:\/\/site-pyrome.fr\/index.php?rest_route=\/wp\/v2\/pages\/46\/revisions"}],"predecessor-version":[{"id":111,"href":"https:\/\/site-pyrome.fr\/index.php?rest_route=\/wp\/v2\/pages\/46\/revisions\/111"}],"wp:attachment":[{"href":"https:\/\/site-pyrome.fr\/index.php?rest_route=%2Fwp%2Fv2%2Fmedia&parent=46"}],"curies":[{"name":"wp","href":"https:\/\/api.w.org\/{rel}","templated":true}]}}